 + o - a. What is p(1)?
8
Let c = 0 + 0. Suppose -5*z - 2*n = 0, -z = 4*n - c*n - 18. Let m(j) = j**2 + 2*j - 3. Let l(s) = 2*s**2 + 8*s - 10. Let q(x) = -2*l(x) + 7*m(x). What is q(z)?
15
Let l(n) = n + 42. Suppose 25*m + 27*m = 44*m. Give l(m).
42
Let w(o) = o**2 - 4*o**2 - 1 + 0*o**2. Suppose -2*y = 4*s - 6, -8*s - 4*y + 21 = -3*s. Give w(s).
-28
Let i(u) = 25 + 22 - 42 + 3*u + 11 - u**2. Calculate i(0).
16
Let t(u) be the first derivative of -u**4/4 - 11*u**3/3 + 11*u**2/2 - 12*u + 1. Let q(b) = 90*b - 60*b - 460 - 62*b. Let v be q(-14). Determine t(v).
0
Suppose -5*g - 3*v - 1140 = 0, -g + 6*g + 2*v = -1145. Let b = -227 - g. Let r(f) = -5*f + 0 - 24*f**2 + 3*f + 21*f**2 + f**3 - 2. What is r(b)?
6
Let x be 3*(-3)/(-18)*4. Suppose -x*k + 15 = -2*l - 41, 0 = -3*k + 6. Let n be 28/98 - (l/7 + 0). Let z(g) = -g**3 + 3*g**2 + 2*g + 2. Calculate z(n).
-6
Let c(w) = 2*w**3 + 27*w**2 + 15*w + 16. Suppose -5*o + 2*o + s = 44, -s - 138 = 11*o. Give c(o).
-10
Suppose 0 = 490*d - 494*d - 4. Let g(t) = -13*t**2 + 3*t. Determine g(d).
-16
Let r(y) = -y - 6. Let s(x) = 9*x + 36. Let f be s(-5). Let o be ((-60)/f + -2)*30/(-20). What is r(o)?
1
Let f(q) = q**2 - 6*q - 1. Let g(d) = -d + 46. Suppose 2*x + 3*w - 88 = 0, -20*x + 15*x = w - 194. Let a be g(x). What is f(a)?
15
Let r(x) = -x**2 + 7*x + 10. Let i be 592/1036*21/(-12)*2. Calculate r(i).
-8
Let s be (108/270)/((-4)/(-50)). Let c(a) = -2*a - 7. Let y be c(-5). Suppose 2*x - 5 = -p, 0*p - y*p = -s*x + 7. Let f(k) = 6*k**2 - 2*k - 1. Give f(x).
19
Let f(z) be the third derivative of z**6/120 - 5*z**5/12 + 13*z**4/12 - 15*z**3/2 - 477*z**2. Calculate f(24).
3
Let w = -102 + 100. Let l(j) = j**2 + 5*j. Let q(s) = -4*s**2 - 21*s + 1. Let y(a) = w*q(a) - 9*l(a). Let f(n) = n**2 - 8*n + 9. Let m be f(6). Give y(m).
-2
Suppose -28*n = -137*n. Let m(i) be the third derivative of 14*i**2 + n + i**3 + 0*i + 1/8*i**4. What is m(-4)?
-6
Let w(k) = k**2 - 116*k - 32. Let s(c) = 31*c + 11. Let p(v) = 7*s(v) + 2*w(v). What is p(8)?
21
Let l be 9 + 0 - 14 - 3*-3. Let x(y) = -6*y**2 - 5*y + 2. Let t(a) = -5*a**2 - 3*a + 1. Let m(c) = -5*t(c) + 4*x(c). Determine m(l).
-1
Let c(f) = -13*f**2 + 365*f - 27. Let v be c(28). Let d(i) = -47*i**3 + i - 1. Calculate d(v).
-47
Let g(o) = -o**3 + 6*o**2 - 5*o + 17. Let p be 15 + 0 - 531/59. What is g(p)?
-13
Let l = 486 - 478. Suppose 3*u = 3*t + l - 29, 0 = -5*t - 5*u - 5. Let f(c) = 3*c**2 + c + 3. What is f(t)?
33
Let g(h) = 2*h + 28. Suppose 151 - 147 = -4*z - 4*p, -5*z = 4*p. What is g(z)?
36
Let j = -44665 + 44661. Let h(f) = 8*f**2 - 5*f - 17. Give h(j).
131
Let r(t) = -t**2 + 38*t - 75. Let g be (2/1)/(3/54). Let f be r(g). Let s(q) = -2*q + 5*q + 5*q**2 - 4*q**2 - 1. What is s(f)?
-1
Let c(g) = -6*g**2 - 98*g - 37. Let p be (-1800)/225 + (-16)/2. What is c(p)?
-5
Let u(p) = -2*p**3 + p**2 - 16. Let r(c) = -2246*c**3 + 1121*c**3 + c + 1124*c**3 + c**2 - 8. Let v(m) = 7*r(m) - 3*u(m). Determine v(5).
2
Let g(x) be the second derivative of -x**3/2 - 11*x**2/2 - 942*x. Give g(-3).
-2
Let g(o) = 6*o**3 - 51*o**2 - 2*o + 2. Let q(b) = 5*b**3 - 42*b**2 - 3*b + 1. Let x(y) = 4*g(y) - 5*q(y). Let p = 13 - 6. Give x(p).
3
Let d(c) be the first derivative of -14*c**2 + 172*c + 1223. Calculate d(6).
4
Let r(m) = 20 + 1481*m**2 - 2938*m**2 - 11*m - m**3 + 1446*m**2. Determine r(-10).
30
Let q(n) be the first derivative of -n**4/4 - 5*n**3/3 - n**2 - 160. Let t = -5 + -2. Let z = 3 + t. Calculate q(z).
-8
Let i(r) be the second derivative of 10*r**3/3 + 5*r**2/2 + 88*r. Let t(y) = -3*y - 1. Let d(p) = 3*i(p) + 21*t(p). What is d(0)?
-6
Let b(w) = -w - 5. Let p be b(-7). Suppose -d + 8 = -p*j, -4*j - 3 = 9. Let h(f) = 5*f**2 - f - 2. What is h(d)?
16
Let i(h) = -4*h**3 - 7*h + 4*h**3 + 3*h - 2*h - 5*h**2 - 3 + h**3. Suppose -w + 5 = j, 0 = -w - 2*w - 2*j + 16. Calculate i(w).
-3
Let r(f) = f**3 + f**2 + 3*f - 23. Suppose -7 = 4*p + 7*x, 0 = 5*x + 6 - 1. Calculate r(p).
-23
Let q(v) be the third derivative of -v**4/8 + 43*v**2. Let g(d) = d**2 + 5*d + 9. Let m(p) = -g(p) - 4*q(p). Give m(5).
1
Let o(v) = 4*v**3 - 7*v**2 + 9*v - 10. Let p(g) = g**3 + g - 1. Let d(n) = o(n) - 3*p(n). Let h = 41 - 39. Let f be (-165)/11*h/(-5). Calculate d(f).
-7
Let n(r) = -5*r - 55. Let f = 2263 - 2269. Determine n(f).
-25
Suppose 2 - 26 = -6*h. Suppose -h*c + 15 = 5*m, -3*m - 3*c = c - 9. Let k(s) = 0*s + 5 - m + 0 + s. What is k(-5)?
-3
Let r(w) = 9*w - 132*w**3 + 78*w**3 - 15*w**2 + 56*w**3 - 6. Calculate r(7).
8
Let o(i) = -17*i**3 - 37*i**2 + 5*i + 28. Let k(x) = 12*x**3 + 25*x**2 - 3*x - 18. Let n(a) = -7*k(a) - 5*o(a). Determine n(-10).
26
Let h(p) = -17*p**2 + 20*p + 15. Let s(g) = -6*g**2 + 7*g + 5. Let d(q) = 4*h(q) - 11*s(q). Let z(i) = i + 2. Let u(b) = d(b) - z(b). Determine u(3).
-9
Let s(u) = -2*u + 13. Let t = -98 - -104. Let q be -4 + ((-59)/(-4) - t/8). What is s(q)?
-7
Let r(s) = 42*s**3 - 8*s**2 + 7*s - 2. Let w(j) = -49*j**3 + 10*j**2 - 8*j + 3. Let z(v) = -5*r(v) - 4*w(v). Give z(-1).
15
Let x(f) = 10*f**3 + 2*f**2 - f. Let p be (1 - (-3)/(-2))*(-1440)/(-20). Let i = p + 40. Let s be i + (-1)/(3/9). Determine x(s).
11
Let i(d) = 7*d**3 + 43*d**2 - 49*d + 79. Let l(y) = -3*y**3 - 21*y**2 + 23*y - 40. Let s(w) = -2*i(w) - 5*l(w). Determine s(-20).
-18
Let f(q) = -2*q + 667 - 2*q - q**2 + 20*q - 670. What is f(11)?
52
Let k(n) = 7*n - 146. Let l = -752 + 772. What is k(l)?
-6
Let a(d) = 18 + 3120229*d - 3120220*d + d**3 + 8*d**2 + 0*d**3. Determine a(-3).
36
Let o(h) = -16*h**3 - h**2 + 2*h + 1. Let i = -3448 + 3447. Give o(i).
14
Let u(l) = 2*l**2 + l + 3. Let s = 5022 - 5019. Determine u(s).
24
Let h(g) = 6*g**2 + 62*g + 9. Let a be ((-8)/104*13)/(0 + 1) + -9. What is h(a)?
-11
Suppose 3 + 51 - 6 = -24*s. Let c(r) = -5*r**2 - 7*r - 2. Give c(s).
-8
Let v(h) = -2*h**3 - 12*h**2 + 20*h**2 + 3*h**3 - 3860 + 12*h - 14*h**2 + 3841. Calculate v(3).
-10
Let j(p) = 7 + 10*p + 1 - 2 - 20*p - 20*p. Determine j(-2).
66
Let l(s) be the second derivative of -s**5/20 - 5*s**4/3 - s**3/2 - 59*s**2/2 - 4382*s. Give l(-20).
1
Let i(a) be the first derivative of -10*a**2 - 9*a - 520. Give i(6).
-129
Let y(j) be the second derivative of j**4/12 - 5*j**3/3 + 15*j**2/2 + 5083*j. Calculate y(8).
-1
Let f(g) = -2*g - 3*g + 4*g - 16. Suppose -10*t - 6 + 1136 = 0. Let o = 105 - t. Give f(o).
-8
Let f(d) = -2*d**3 - d**2 - 5*d - 5. Let g be f(-2). Suppose -7 = -3*n + g. Let c be (-1 - n)/((-3)/2). Let w(h) = h**3 - 5*h**2 - 5*h - 3. Determine w(c).
3
Let l = -119 + 65. Let y be 13/(26/(-2))*-44. Let g = l + y. Let c(f) = -f**3 - 11*f**2 - 8*f + 14. What is c(g)?
-6
Suppose b = -5*b + 42. Suppose l + 4*y = 24, -y - 4 = -4*l + b. Suppose 48 = -l*x + 20. Let n(a) = a**2 + 7*a - 4. Calculate n(x).
-4
Let b(o) = -5*o**3 - 17*o**2 + 5*o. Let h(u) = -u**3 - 3*u**2 + 2*u. Let j(m) = b(m) - 4*h(m). Calculate j(-3).
-9
Let a(n) = n**3 - 19*n**2 + 18*n - 4. Suppose 0*c = -6*c + 3*c + 54. Determine a(c).
-4
Let r(o) = -2*o - 9 - 16 + 10 - 7*o. Determine r(-6).
39
Let t(n) = -n**2 + 6*n + 18. Let g be t(8). Let x(b) = -b**2 + 3*b**2 - 608*b + 605*b. What is x(g)?
2
Let g(q) = -q**2 + 15*q - 26. Let h be -1*813/(-63) + (5 - (-1133)/(-231)). Give g(h).
0
Let z(d) = 478*d + 9*d**2 - 8*d**2 - 250*d - 22 - 257*d - 2*d**2. Determine z(-28).
6
Let f be (-208)/39 + 4/(-6). Let r(v) = -30*v**2 - 44*v - 17. Let y(m) = -14*m**2 - 21*m - 8. Let h(k) = 6*r(k) - 13*y(k). Calculate h(f).
20
Suppose -39*o = -27*o - 252. Suppose 22*g = o*g + 1. Let d(m) = -4*m - 1 + 0*m - 7*m. What is d(g)?
-12
Let k(b) = -2*b**2 - 16*b - 29. Suppose -152 = 45*a + 10*a + 13. Calculate k(a).
1
Let v(o) = -2*o - 19. Suppose -2*b - s - 1 = 0, 8*b = 13*b + 5*s + 5. What is v(b)?
-19
Let z(k) = k - 5. Let x(l) = -32*l - 83. Let q be x(-9). Suppose 0 = -14*t - 51 + q. What is z(t)?
6
Let d be (6/2 + 1404/(-486))*48/8. Let m(l) be the second derivative of -d*l**3 + 0*l**2 + 2*l + 4. What is m(-1)?
4
Suppose 4*u = -b + 7, 0 = 2*u + 4*b - 2*b + 4. Let l(c) = 3 - c**2 + u*c**2 + 1941*c + 2*c**2 - 1939*c + c**3. Determine l(-4).
-5
Let v(a) = a**3 - 5*a**2 - 2*a + 4. Suppose 3*w - 15 = -3*i, 3*i - 7 = 3*w - 22. What is v(w)?
-6
Let s(z) = -9*z + 1. Let v(f) = -2*f**3 + 7*f**2 - 2*f - 1. Let o(n) = -n**3 + n**2 + n. Let d(p) = -3*o(p) + v(p). Let a be d(-5